2 - 22. What is the remainder when 49 is divided by o?
9
Suppose -3*w + 5*n + 275 = 2*w, -4*w = n - 230. Calculate the remainder when w is divided by 20.
17
Suppose -2*v + 12 = c + v, -c + 4*v + 12 = 0. What is the remainder when 32 is divided by c?
8
Suppose 4*a = -44 + 96. Calculate the remainder when a is divided by 6.
1
Let y(o) = -7*o**3 - 35*o**2 + 5. Suppose v - r + 4 = 4*v, -5 = r. Calculate the remainder when y(-5) is divided by v.
2
Let y = 165 + -266. Let c = -58 - y. Calculate the remainder when c is divided by (-15)/12*12/(-1).
13
Suppose -k - 3*b = 1, 4*k - 1 = -5*b + 9. What is the remainder when 23 is divided by k?
3
Suppose -5*h + 58 = -42. What is the remainder when h is divided by 12?
8
Let r(y) = -2*y - 3. Let v be r(3). Let u = 15 + v. Calculate the remainder when 16 is divided by u.
4
Let i be (12/9)/(1/21). Let t = -14 + i. What is the remainder when 955/35 + 2/(-7) is divided by t?
13
Let d = 30 + -1. Calculate the remainder when d is divided by 16.
13
Let p = 6 + -2. What is the remainder when 25 is divided by (0 + 6)*6/p?
7
Let i = 131 - 66. Suppose 2*v = q - 16 - i, -102 = 3*v + 5*q. Let r = -11 - v. What is the remainder when r is divided by 10?
8
Suppose 6*u - 8 = 4*u. Suppose -5*l = 5, -3*c - 2*l = -u*l - 65. Calculate the remainder when c is divided by 12.
9
Suppose -h - 71 = -3*v - 2*v, 0 = -4*v - 2*h + 54. Let u be 2/(-5)*(-101 - -1). Suppose -2*s + u = -s. What is the remainder when s is divided by v?
12
Let r(i) = i**3 - 3*i**2 - 5*i - 6. Calculate the remainder when r(5) is divided by 7.
5
Suppose 3*m - 170 = 4*i, 229 = 4*m + 5*i - 8. Suppose m = -0*a + 2*a. Calculate the remainder when a is divided by 16.
13
Suppose -24 = 16*o - 17*o. Let t(a) = -12*a - 2. Let y = 11 - 15. What is the remainder when t(y) is divided by o?
22
Calculate the remainder when (-171)/(-3) - (-4)/2 is divided by 15.
14
Let k = 14 - 12. Calculate the remainder when 6 is divided by k.
0
Calculate the remainder when 36 is divided by (9 + 4)*(0 + 1).
10
Suppose 6*g - 60 = 3*g + 3*s, 5*g - 80 = s. Calculate the remainder when 41 is divided by g.
11
Let n = 7 - 4. Suppose -4*b + n*b = -52. Calculate the remainder when b is divided by 18.
16
Suppose -y - 22 = -r + 28, 0 = -5*r - 2*y + 236. Calculate the remainder when r is divided by 17.
14
Suppose -z - z = 16. Let f(t) = -2*t**2 + 8*t + 2 + 4 + 12*t**2 - t**2 + t**3. What is the remainder when f(z) is divided by 4?
2
Suppose -92 = -x - x. What is the remainder when x is divided by 12?
10
Let r be (6/(-9))/((-2)/9). Suppose 12 = r*q + 3. Calculate the remainder when 24 is divided by (-13)/2*(q + -5).
11
Suppose 5*a + 3*f - 452 = 0, -4*f + 1 - 5 = 0. What is the remainder when a is divided by 47?
44
Let u be 120/70 - (-4)/14. Suppose -2*k + 56 = u*k. Calculate the remainder when 41 is divided by k.
13
Suppose n - b = 3*b + 12, -2*b = 6. Suppose n = -2*j + 2*g + 20, 3*g = j + 7*g + 10. What is the remainder when 21 is divided by j?
3
Calculate the remainder when 7 is divided by (1 + (-12)/8)*-8.
3
Let p be (-135)/(-4) - (-2)/8. Let j = p - 19. Calculate the remainder when 58 is divided by j.
13
Let u(q) be the first derivative of q**3/3 + q**2 + 2*q + 1. Calculate the remainder when (4/(-10))/((-3)/30) is divided by u(-2).
0
Let r be 0 + 3*4/(-3). Let x = 15 + r. What is the remainder when 20 is divided by x?
9
Suppose 0 = s - 4*s + 12. Suppose 5*f - 90 = 5*x, 2*f - s = -5*x + 11. Suppose 26 = -5*y + 66. What is the remainder when f is divided by y?
7
Let k be (1 + 2)*(0 + 2). What is the remainder when 34/6 - (-4)/(-6) is divided by k/4*(3 - 1)?
2
Let g(s) = 2*s**2 + 11. Calculate the remainder when 41 is divided by g(0).
8
Suppose u - 6 = -1. Suppose -1 = -x - 2*b + 2, 5*x - 3*b = 2. Let s = x + u. What is the remainder when 11 is divided by s?
5
Suppose -26 + 2 = -2*v. Calculate the remainder when v is divided by (-68)/102 + ((-184)/6)/(-4).
5
Suppose 0 = -q + 2. Suppose -4*h = q - 22. Suppose -2*o + 37 = h*k, -o + 0*o - 27 = -4*k. Calculate the remainder when 19 is divided by k.
5
Suppose 2 = -f + 3*f. Let j(z) = z**2 - 2*z - 3. Let a be j(3). What is the remainder when (a - -3)*4/6 is divided by f?
0
Let l(u) = 4*u - 1. Let f be l(-2). Let y(m) = -m**3 - 9*m**2 - 2*m + 7. Suppose 24 - 69 = -5*t. Calculate the remainder when y(f) is divided by t.
7
Suppose 4 = -p + 13. Suppose -2*k + 8 = 5*y - 10, -5*y = -2*k - 2. Suppose 5*s - p = y*s. What is the remainder when s is divided by 2?
1
Suppose -14*j = -15*j + 10. What is the remainder when 157 is divided by j?
7
Let d(q) = 9*q**2 - 4*q + 8. Calculate the remainder when d(4) is divided by 6.
4
What is the remainder when ((-564)/(-36))/((-1)/(-3)) is divided by 16?
15
Let h(z) = -z**3 + 7*z**2 - 3*z + 1. Suppose 0 = 4*w - 20 - 4. Let c(r) = -3*r - 8. Calculate the remainder when h(w) is divided by c(-6).
9
Let r(w) = -w**2 + 15*w - 16. What is the remainder when 65 is divided by r(10)?
31
Suppose 19*o = 192 + 93. Let w = 57 + -13. What is the remainder when w is divided by o?
14
Let h = 52 - 16. Suppose h = x + 2*x. Suppose 0 = -4*q + 92 - 4. What is the remainder when q is divided by x?
10
Let n be 3/(-2)*(-2)/1. Let f = 7 - n. Calculate the remainder when 11 is divided by f.
3
Suppose -13*j - 15 + 54 = 0. Calculate the remainder when 83 is divided by j.
2
Suppose -2*i = -3 + 1. Calculate the remainder when i is divided by 1.
0
Let a(r) = 7*r**2 - 1. Calculate the remainder when (-1243)/(-55) - 3/5 is divided by a(-1).
4
Suppose -3*z - 3*l = -24, 2*z - 3*l = 4*z - 19. Calculate the remainder when 13 is divided by z.
3
Suppose 2*f - 2 = 2. Suppose -2 + 0 = f*l. Let b(s) = 2*s**2 - s - 1. What is the remainder when b(l) is divided by 2?
0
Let q = 9 - 10. Let t be -21 + (q - -1) + 3. What is the remainder when 2/4 + (-81)/t is divided by 3?
2
Let m = 162 - 76. What is the remainder when m is divided by 22?
20
Suppose 47 = 4*m - 9. Calculate the remainder when m is divided by 8.
6
Suppose 4*i = 2*a + 104, 0 = -5*i - a - 20 + 143. Calculate the remainder when (-1)/(1/(-1)) + 73 is divided by i.
24
Let b(y) = 4*y**2 - 6*y + 3. What is the remainder when b(5) is divided by 16?
9
Let p = -6 + 8. Suppose 4*v + 2 = 3*f - 1, 0 = 4*f - 5*v - 5. Let g = f - p. Calculate the remainder when 5 is divided by g.
2
Let a = -41 + 99. Let o = -20 + 35. Calculate the remainder when a is divided by o.
13
Let v(j) = 17*j**2 - 1. Suppose -4*w = w - 2*z + 5, 5*w = -z - 5. What is the remainder when v(w) is divided by 9?
7
Let a(y) = y**3 - 10*y**2 - 8*y - 12. What is the remainder when a(11) is divided by 8?
5
Let u(n) = n**2 + 13*n - 14. Let r be u(-14). Suppose -a = -20 - r. Calculate the remainder when a is divided by 7.
6
What is the remainder when 26 is divided by (-2 + 0)*38*(-4)/16?
7
Let x be (-4)/(-2) + 1 + 48. Suppose -x = -0*q - 4*q - 5*t, -3*q - 5*t = -32. Let g(s) = -4*s - 3. What is the remainder when q is divided by g(-2)?
4
Let d = -5 - 1. What is the remainder when 32 is divided by (-4)/(-6) + (-62)/d?
10
Suppose 0*f = -f - 3, k + 3*f - 17 = 0. Suppose 0 = -2*v - 5*r + 189, -5*r - 108 = -v - 3*r. What is the remainder when v is divided by k?
24
Let r = -1 + 4. Suppose -r*b + 9 = -0*b. Calculate the remainder when b is divided by 2.
1
Suppose 2 = o + 3*x, -59 = -4*o - x + 6*x. Calculate the remainder when 21 is divided by o.
10
Let v be (-12)/30 - (-17)/5. Suppose -5 = -d + v. Let j = 16 + -1. Calculate the remainder when j is divided by d.
7
Let w = 10 + 1. What is the remainder when 3/6*2*w is divided by 7?
4
Suppose 0 = -4*h - t + 28, -3*h - 5*t = -0*t - 4. Suppose -140 = 3*p - h*p. Calculate the remainder when p is divided by 10.
8
Suppose -4*u - 2*g + 58 = 0, 2*g = -5*u - 3*g + 85. What is the remainder when 93 is divided by u?
9
Calculate the remainder when 47 is divided by (3 - (-2 + 9))*-2.
7
Suppose 8*l - 11*l = 6. Calculate the remainder when (-21)/6*l + 3 is divided by 4.
2
Let b(s) = -2*s + 14. Let k be b(10). Let f(j) = -j**3 - 7*j**2 - 2*j - 5. Let v be f(k). Let r = v + 50. What is the remainder when r is divided by 11?
10
Let u = 7 - 1. What is the remainder when 9 is divided by u?
3
Let b(g) = g**2 + 2*g - 3. Let l be b(-4). Suppose l*t - 22 = 3*t. Let a(k) = 31*k**3 + 2*k - 1. What is the remainder when a(1) is divided by t?
10